7. Let d(g) = 2*a(g) - 3*t(g). List the prime factors of d(45).
2, 541
Suppose 0 = -12*k + 3*t - 0*t + 206460, -4*t - 86014 = -5*k. List the prime factors of k.
2, 7, 1229
Suppose -4*u + 5 = u, -f = 4*u - 15. Let r be (f + 0 + 1)*1/3. Suppose 2*h = 3*w - 223, 0 = r*w + 4*h - h - 269. List the prime factors of w.
71
Let b(u) = -u - 6. Let j be (-27)/2 - (-5)/30*-3. Let t be b(j). Suppose -240 = -t*o - 64. List the prime factors of o.
2, 11
Let w be 58 - (-2 - 4/(-1)). Suppose -5*z + w - 11 = 0. Suppose d + z*d - 980 = 0. What are the prime factors of d?
2, 7
What are the prime factors of (-877021)/(-248) + (-3)/8?
2, 13, 17
Suppose 2*t + 6 + 0 = 0, 4*t - 1277 = -a. Suppose a = -16*l + 4425. List the prime factors of l.
2, 7
Suppose -27*h = -5*h - 704. Suppose -53*y + 5082 = -h*y. What are the prime factors of y?
2, 11
Let m(y) = 3009*y - 856. List the prime factors of m(11).
19, 1697
Let b be (-10 - -12)/(-1*(-3)/(-3)). Let l = 7 - b. List the prime factors of l.
3
Let b(q) = 97*q**2 - 49*q - 915. What are the prime factors of b(-20)?
3, 5, 2591
Let n(u) = 992*u - 4102. List the prime factors of n(23).
2, 3, 3119
Let d(w) = 87*w**2 - 105*w + 51. List the prime factors of d(-8).
3, 2153
Let u(x) = -x**2 - 13*x + 4. Let l be u(-14). What are the prime factors of l*5/(-10) - (-2001)/3?
2, 3, 7
Suppose -10 = -b + 3*w, -b + 4*w + 15 = 2*b. What are the prime factors of (4 - -1)*87 + b/1?
2, 109
Let r(u) = 17*u**2 - 15*u - 532. List the prime factors of r(-18).
2, 43, 61
Suppose -l - 3 - 4 = -3*n, -3*n + 5*l = -11. Suppose -5*i - 166 = n*s - 3*i, -344 = 4*s + i. List the prime factors of (-15)/(-1*(-9)/s).
5, 29
Suppose 10*q + 252 = 17*q. Let g = q - -672. List the prime factors of g.
2, 3, 59
Suppose -2*o = -5*v + 288, -v - 10 = 3*o - 54. Suppose 245 = 3*c + v. List the prime factors of c.
3, 7
Let q = 8195 - -2103. List the prime factors of q.
2, 19, 271
Suppose 0 = 12*k - 3*k. Suppose -7*t - 12*t + 13908 = k. List the prime factors of t.
2, 3, 61
Suppose -2*j + 2*d + 2*d = 8, 4*j + 4*d - 20 = 0. Suppose g = q - 5, 5*g = j*g - 15. Suppose q = -5*b + 2*b + 246. List the prime factors of b.
2, 41
Let b be (-2 + -3 - -6) + 0. Let f(q) = 152*q + 6. List the prime factors of f(b).
2, 79
Suppose 43*n + 1835400 = 227*n. What are the prime factors of n?
3, 5, 7, 19
Let m(t) = 9*t**3 + t**2 + 3*t + 3. Let n be m(-1). Let f be (-1)/n + (-1534)/(-16). Suppose -5*p + f = p. What are the prime factors of p?
2
Let l(n) be the second derivative of -8*n - 4*n**2 + 0 + 4/3*n**3. List the prime factors of l(2).
2
Suppose -v + 2541 = -4*h, v = -3*h - 431 + 3021. What are the prime factors of v?
7, 367
What are the prime factors of 426/1988 - 86727/(-14)?
3, 5, 7, 59
Let z = 49211 + -33414. List the prime factors of z.
15797
Suppose -2*u + 5*q - 19 = 0, 3*u - 4*q + 1 = -17. Let y be ((-7)/2)/(1/u). Suppose 3*f + 5*x = y*f - 268, -3*f + 201 = -4*x. What are the prime factors of f?
67
What are the prime factors of ((-4103)/(-33)*-16)/((-16)/(-12) + -2)?
2, 373
What are the prime factors of ((-20060)/(-30) + 19)/(2/6)?
2063
Let h = 1706 - 644. Suppose -3*i - 4*k + 3*k = -h, 0 = -5*k + 15. Let z = -159 + i. What are the prime factors of z?
2, 97
Suppose 273 + 42 = 7*z. Let o = z - 43. Suppose -462 = -5*q + i + o*i, -3*q + i + 278 = 0. List the prime factors of q.
3, 31
Suppose -w = 5, 3*z - 7197 = -5*w + 605. List the prime factors of z.
2609
Let w be 4*(-18)/48*24/(-9). Suppose u + n = 542, 0 = -3*u - 0*n - w*n + 1625. What are the prime factors of u?
3, 181
Suppose -2*q + c - 43 = 0, 2*q + 42 = -0*q + 2*c. Suppose -5*o - 5*r = -335, -5*o - 61 = -6*o + 2*r. Let a = o + q. List the prime factors of a.
43
Let d(t) = -11*t**3 - 5*t**2 + 208*t + 2115. What are the prime factors of d(-11)?
3, 4621
Suppose -15*d - 3*d + 19224 = 0. Let x = d - 431. Suppose -4*t + 145 = -2*w - 361, -5*t = -w - x. What are the prime factors of t?
2
Let g(h) = 86*h**3 - h**2 - 29*h + 60. What are the prime factors of g(5)?
2, 5, 7, 19
Let o(i) = -12*i - 140. Let g be o(-11). Let z(w) = -w**3 + 5*w**2 - 35*w + 19. List the prime factors of z(g).
3, 13, 29
Suppose -17*g + 961 = 14*g. Suppose 0 = -g*o - 11 + 3917. What are the prime factors of o?
2, 3, 7
Let p = 117 - 112. Suppose -6*q + q + 25 = 0. Suppose 4*o = -w + 3, -q*w + 96 = -w - p*o. List the prime factors of w.
19
List the prime factors of ((-234945)/(-454) - 1*-11)/((-2)/(-20)).
5, 7, 151
Let r = -176 - -179. Suppose -6*n = r*f - 2*n - 1087, -n = 3*f - 1102. List the prime factors of f.
3, 41
Let z(n) be the third derivative of -11*n**4/6 - 3*n**3 + 2*n**2 - 3*n. List the prime factors of z(-8).
2, 167
Let o(p) = -9*p + 18. Let c be o(8). Let n = c - -59. Let i(q) = 12*q - 4. List the prime factors of i(n).
2, 7
Let f = -590 + 359. Let w = 163 - f. Suppose 5*d = 36 + w. List the prime factors of d.
2, 43
Suppose -5*o - w + 2*w + 6 = 0, -4*o = w - 12. Suppose -5*n + 976 = -o*g, -4*g - 4*n + 9*n = 1972. Let v = -214 - g. List the prime factors of v.
2, 71
Suppose -7*s = 19*s + 2990. Let q = -50 - s. What are the prime factors of q?
5, 13
Let r = 145 - 141. Suppose -2*v - r*t + 952 = 0, -4*v = 5*t + 145 - 2055. Suppose 4*d - 2*l - 1004 = -l, -2*d - 5*l = -v. What are the prime factors of d?
2, 5
Let k = -47 + 49. Suppose -2*x + 4 = -0, -2*o = -k*x. What are the prime factors of 1/o + -71*(-1)/2?
2, 3
Let g(o) be the first derivative of 13*o - 12 - 11/2*o**2. What are the prime factors of g(-8)?
101
Let y(p) = 9*p - 65. Let v(u) = -5*u + 25. Let t be v(2). List the prime factors of y(t).
2, 5, 7
What are the prime factors of ((-52)/(-130)*15/6)/(3/149643)?
3, 13, 1279
Let d be 2/3 + (-26)/39. Let o(g) = g**3 - 2*g**2 + g + 4. Let i be o(d). Suppose v = -q + 251, 358 = 2*v + i*q - 138. What are the prime factors of v?
2, 127
Let w = -14583 - -30392. List the prime factors of w.
15809
Let w(i) = 4*i**2 - 23*i - 8. Let s be w(6). Let u be ((-15)/6)/(1/s). What are the prime factors of 128 + 1*(u + -7)?
2, 3, 7
Suppose 3*h - 100149 = -3*q, 166927 = 5*h + 27*q - 26*q. List the prime factors of h.
2, 16693
Let t(c) = -4*c**2 + 7*c + 14. Let s(v) = v**3 - 2*v**2 + 2*v. Let z(f) = -2*s(f) + t(f). List the prime factors of z(-5).
3, 83
What are the prime factors of 3/((-18)/(-38843)) + (-64)/(-384)?
2, 3, 13, 83
Suppose 22*j - 860 = 1494. Let w = 905 + j. List the prime factors of w.
2, 11, 23
Suppose 0 = -t + 3141 - 794. Let w = -1317 + t. What are the prime factors of w?
2, 5, 103
Let s(v) = 557*v - 87. List the prime factors of s(20).
7, 1579
Let w(k) = -k**3 - 16*k**2 - 13*k + 35. Let h be w(-15). Suppose -2*m - 2 = 0, 2*y - h*m - 116 = -m. List the prime factors of y.
2, 7
Let u(c) be the third derivative of -c**5/60 + 5*c**4/12 - 7*c**3/6 - c**2 - 85. Let y be (-43)/(-9) + (-4)/(-18). What are the prime factors of u(y)?
2, 3
What are the prime factors of -2 + (-261405)/(-12) - (-8)/(-32)*-5?
3, 53, 137
Let m(o) = -2*o**2 - 4*o + 8. Let k be m(-3). Suppose k*h - 1524 + 218 = 0. List the prime factors of h.
653
Let n(o) = 19*o**2 + 171*o - 220. What are the prime factors of n(23)?
2, 3, 31, 37
Let w be ((-36)/27)/((-4)/246) - 0. Suppose -2*k + 0*t + 4*t = -w, 2*t = -4*k + 214. Suppose 2*q - 2*s + 3 - 31 = 0, -4*q + k = s. List the prime factors of q.
13
What are the prime factors of (((-238)/(-21))/17)/(6/175347)?
19483
Let t = 116 - 203. Let m = -486 + t. Let w = -326 - m. What are the prime factors of w?
13, 19
Let t = 22 + -22. Suppose s + 6*s - 35 = t. Suppose 2*p + 46 + 241 = 3*n, s*n - 505 = -2*p. What are the prime factors of n?
3, 11
Suppose -1025 = 5*n + 210. Let t = -119 - n. List the prime factors of t.
2
Let j be (-1736)/(-24) + (-6)/(-9). Let c = j + -44. Suppose 0 = 28*m - c*m + 120. List the prime factors of m.
2, 3, 5
Let l = 30427 - 9395. What are the prime factors of l?
2, 11, 239
List the prime factors of ((-96460)/4)/((36/96)/(9/(-12))).
2, 5, 7, 13, 53
Suppose -2*b = 2183 + 449. Let n = 1896 + b. What are the prime factors of n?
2, 5, 29
What are the prime factors of (-270198)/(-255)*(-10)/(-3)?
2, 883
Suppose 4*r - 8 = 2*r. Suppose 23*m = 22*m - 2, -o - 3*m = -2. Suppose -o*k - 244 = -4*p - r*k, -2*k - 305 = -5*p. What are the prime factors of p?
61
Suppose 8*y - 207 = 177. What are the prime factors of y*((-9)/12 + (-27)